[INFO] fetching crate snarkos-parameters 1.0.0...
[INFO] checking snarkos-parameters-1.0.0 against master#cfbc6d4cf1acbac5c025acf8ed68929caa551df3 for pr-75494-beta
[INFO] extracting crate snarkos-parameters 1.0.0 into /workspace/builds/worker-13/source
[INFO] validating manifest of crates.io crate snarkos-parameters 1.0.0 on toolchain cfbc6d4cf1acbac5c025acf8ed68929caa551df3
[INFO] running `Command { std: "/workspace/cargo-home/bin/cargo" "+cfbc6d4cf1acbac5c025acf8ed68929caa551df3" "read-manifest" "--manifest-path" "Cargo.toml", kill_on_drop: false }`
[INFO] started tweaking crates.io crate snarkos-parameters 1.0.0
[INFO] finished tweaking crates.io crate snarkos-parameters 1.0.0
[INFO] tweaked toml for crates.io crate snarkos-parameters 1.0.0 written to /workspace/builds/worker-13/source/Cargo.toml
[INFO] crate crates.io crate snarkos-parameters 1.0.0 already has a lockfile, it will not be regenerated
[INFO] running `Command { std: "/workspace/cargo-home/bin/cargo" "+cfbc6d4cf1acbac5c025acf8ed68929caa551df3" "fetch" "--locked" "--manifest-path" "Cargo.toml", kill_on_drop: false }`
[INFO] running `Command { std: "docker" "create" "-v" "/var/lib/crater-agent-workspace/builds/worker-13/target:/opt/rustwide/target:rw,Z" "-v" "/var/lib/crater-agent-workspace/builds/worker-13/source:/opt/rustwide/workdir:ro,Z" "-v" "/var/lib/crater-agent-workspace/cargo-home:/opt/rustwide/cargo-home:ro,Z" "-v" "/var/lib/crater-agent-workspace/rustup-home:/opt/rustwide/rustup-home:ro,Z" "-e" "SOURCE_DIR=/opt/rustwide/workdir" "-e" "CARGO_TARGET_DIR=/opt/rustwide/target" "-e" "CARGO_HOME=/opt/rustwide/cargo-home" "-e" "RUSTUP_HOME=/opt/rustwide/rustup-home" "-w" "/opt/rustwide/workdir" "-m" "1610612736" "--user" "0:0" "--network" "none" "rustops/crates-build-env@sha256:a636fd89d022f18117e1dc8fb37a0a009933cdbbe082814857f0e2024962d47c" "/opt/rustwide/cargo-home/bin/cargo" "+cfbc6d4cf1acbac5c025acf8ed68929caa551df3" "metadata" "--no-deps" "--format-version=1", kill_on_drop: false }`
[INFO] [stderr] WARNING: Your kernel does not support swap limit capabilities or the cgroup is not mounted. Memory limited without swap.
[INFO] [stdout] 09113f2eff50ef526228dc618eb4d3c1bc8873553671f08526969d76732ebcc7
[INFO] running `Command { std: "docker" "start" "-a" "09113f2eff50ef526228dc618eb4d3c1bc8873553671f08526969d76732ebcc7", kill_on_drop: false }`
[INFO] running `Command { std: "docker" "inspect" "09113f2eff50ef526228dc618eb4d3c1bc8873553671f08526969d76732ebcc7", kill_on_drop: false }`
[INFO] running `Command { std: "docker" "rm" "-f" "09113f2eff50ef526228dc618eb4d3c1bc8873553671f08526969d76732ebcc7", kill_on_drop: false }`
[INFO] [stdout] 09113f2eff50ef526228dc618eb4d3c1bc8873553671f08526969d76732ebcc7
[INFO] running `Command { std: "docker" "create" "-v" "/var/lib/crater-agent-workspace/builds/worker-13/target:/opt/rustwide/target:rw,Z" "-v" "/var/lib/crater-agent-workspace/builds/worker-13/source:/opt/rustwide/workdir:ro,Z" "-v" "/var/lib/crater-agent-workspace/cargo-home:/opt/rustwide/cargo-home:ro,Z" "-v" "/var/lib/crater-agent-workspace/rustup-home:/opt/rustwide/rustup-home:ro,Z" "-e" "SOURCE_DIR=/opt/rustwide/workdir" "-e" "CARGO_TARGET_DIR=/opt/rustwide/target" "-e" "CARGO_INCREMENTAL=0" "-e" "RUST_BACKTRACE=full" "-e" "RUSTFLAGS=--cap-lints=forbid" "-e" "CARGO_HOME=/opt/rustwide/cargo-home" "-e" "RUSTUP_HOME=/opt/rustwide/rustup-home" "-w" "/opt/rustwide/workdir" "-m" "1610612736" "--user" "0:0" "--network" "none" "rustops/crates-build-env@sha256:a636fd89d022f18117e1dc8fb37a0a009933cdbbe082814857f0e2024962d47c" "/opt/rustwide/cargo-home/bin/cargo" "+cfbc6d4cf1acbac5c025acf8ed68929caa551df3" "check" "--frozen" "--all" "--all-targets" "--message-format=json", kill_on_drop: false }`
[INFO] [stdout] a9aba5f9b8d3e1b2dc59a07e752949d1e3059b0ac71a5070b4c861c37e546a52
[INFO] [stderr] WARNING: Your kernel does not support swap limit capabilities or the cgroup is not mounted. Memory limited without swap.
[INFO] running `Command { std: "docker" "start" "-a" "a9aba5f9b8d3e1b2dc59a07e752949d1e3059b0ac71a5070b4c861c37e546a52", kill_on_drop: false }`
[INFO] [stderr]    Compiling libc v0.2.76
[INFO] [stderr]    Compiling autocfg v1.0.1
[INFO] [stderr]    Compiling proc-macro2 v1.0.19
[INFO] [stderr]    Compiling unicode-xid v0.2.1
[INFO] [stderr]     Checking cfg-if v0.1.10
[INFO] [stderr]    Compiling version_check v0.9.2
[INFO] [stderr]    Compiling memchr v2.3.3
[INFO] [stderr]    Compiling pkg-config v0.3.18
[INFO] [stderr]    Compiling log v0.4.11
[INFO] [stderr]    Compiling glob v0.3.0
[INFO] [stderr]    Compiling bitflags v1.2.1
[INFO] [stderr]    Compiling serde_derive v1.0.115
[INFO] [stderr]    Compiling lazy_static v1.4.0
[INFO] [stderr]    Compiling quick-error v1.2.3
[INFO] [stderr]    Compiling serde v1.0.115
[INFO] [stderr]    Compiling unicode-width v0.1.8
[INFO] [stderr]    Compiling typenum v1.12.0
[INFO] [stderr]    Compiling regex-syntax v0.6.18
[INFO] [stderr]    Compiling ansi_term v0.11.0
[INFO] [stderr]    Compiling termcolor v1.1.0
[INFO] [stderr]    Compiling strsim v0.8.0
[INFO] [stderr]    Compiling bindgen v0.53.3
[INFO] [stderr]    Compiling vec_map v0.8.2
[INFO] [stderr]    Compiling getrandom v0.1.14
[INFO] [stderr]    Compiling lazycell v1.3.0
[INFO] [stderr]    Compiling shlex v0.1.1
[INFO] [stderr]    Compiling peeking_take_while v0.1.2
[INFO] [stderr]    Compiling rustc-hash v1.1.0
[INFO] [stderr]    Compiling maybe-uninit v2.0.0
[INFO] [stderr]    Compiling ryu v1.0.5
[INFO] [stderr]    Compiling serde_json v1.0.57
[INFO] [stderr]    Compiling byteorder v1.3.4
[INFO] [stderr]     Checking scopeguard v1.1.0
[INFO] [stderr]     Checking itoa v0.4.6
[INFO] [stderr]    Compiling rayon-core v1.7.1
[INFO] [stderr]     Checking futures v0.1.29
[INFO] [stderr]     Checking ppv-lite86 v0.2.9
[INFO] [stderr]     Checking either v1.6.0
[INFO] [stderr]     Checking base58 v0.1.0
[INFO] [stderr]     Checking hex v0.4.2
[INFO] [stderr]     Checking bech32 v0.6.0
[INFO] [stderr]     Checking smallvec v1.4.2
[INFO] [stderr]     Checking subtle v1.0.0
[INFO] [stderr]     Checking byte-tools v0.3.1
[INFO] [stderr]     Checking opaque-debug v0.2.3
[INFO] [stderr]     Checking opaque-debug v0.3.0
[INFO] [stderr]     Checking cpuid-bool v0.1.2
[INFO] [stderr]     Checking instant v0.1.6
[INFO] [stderr]    Compiling thread_local v1.0.1
[INFO] [stderr]    Compiling humantime v1.3.0
[INFO] [stderr]    Compiling textwrap v0.11.0
[INFO] [stderr]    Compiling nom v5.1.2
[INFO] [stderr]    Compiling generic-array v0.14.4
[INFO] [stderr]     Checking lock_api v0.4.1
[INFO] [stderr]    Compiling crossbeam-utils v0.7.2
[INFO] [stderr]    Compiling memoffset v0.5.5
[INFO] [stderr]    Compiling crossbeam-epoch v0.8.2
[INFO] [stderr]    Compiling num-traits v0.2.12
[INFO] [stderr]    Compiling rayon v1.3.1
[INFO] [stderr]    Compiling num-integer v0.1.43
[INFO] [stderr]     Checking itertools v0.9.0
[INFO] [stderr]    Compiling clang-sys v0.29.3
[INFO] [stderr]    Compiling aho-corasick v0.7.13
[INFO] [stderr]    Compiling quote v1.0.7
[INFO] [stderr]    Compiling jobserver v0.1.21
[INFO] [stderr]    Compiling atty v0.2.14
[INFO] [stderr]    Compiling which v3.1.1
[INFO] [stderr]     Checking crossbeam-queue v0.2.3
[INFO] [stderr]    Compiling clap v2.33.3
[INFO] [stderr]     Checking socket2 v0.3.12
[INFO] [stderr]     Checking num_cpus v1.13.0
[INFO] [stderr]     Checking time v0.1.43
[INFO] [stderr]     Checking parking_lot_core v0.8.0
[INFO] [stderr]    Compiling syn v1.0.38
[INFO] [stderr]    Compiling cc v1.0.59
[INFO] [stderr]     Checking rand_core v0.5.1
[INFO] [stderr]     Checking crossbeam-deque v0.7.3
[INFO] [stderr]     Checking parking_lot v0.11.0
[INFO] [stderr]     Checking rand_chacha v0.2.2
[INFO] [stderr]     Checking rand_xorshift v0.2.0
[INFO] [stderr]     Checking generic-array v0.12.3
[INFO] [stderr]     Checking rand v0.7.3
[INFO] [stderr]     Checking digest v0.8.1
[INFO] [stderr]     Checking crypto-mac v0.7.0
[INFO] [stderr]     Checking blake2 v0.8.1
[INFO] [stderr]     Checking digest v0.9.0
[INFO] [stderr]     Checking block-buffer v0.9.0
[INFO] [stderr]     Checking sha2 v0.9.1
[INFO] [stderr]    Compiling regex v1.3.9
[INFO] [stderr]    Compiling libloading v0.5.2
[INFO] [stderr]    Compiling libz-sys v1.1.0
[INFO] [stderr]    Compiling openssl-sys v0.9.58
[INFO] [stderr]    Compiling curl-sys v0.4.36+curl-7.71.1
[INFO] [stderr]    Compiling cexpr v0.4.0
[INFO] [stderr]    Compiling env_logger v0.7.1
[INFO] [stderr]    Compiling curl v0.4.33
[INFO] [stderr]    Compiling thiserror-impl v1.0.20
[INFO] [stderr]    Compiling snarkos-derives v1.0.0
[INFO] [stderr]    Compiling derivative v2.1.1
[INFO] [stderr]     Checking thiserror v1.0.20
[INFO] [stderr]    Compiling librocksdb-sys v6.7.4
[INFO] [stderr]     Checking toml v0.5.6
[INFO] [stderr]     Checking bincode v1.3.1
[INFO] [stderr]     Checking chrono v0.4.15
[INFO] [stderr]     Checking jsonrpc-core v14.2.0
[INFO] [stderr] error: could not compile `jsonrpc-core`.
[INFO] [stderr] 
[INFO] [stderr] Caused by:
[INFO] [stderr]   process didn't exit successfully: `rustc --crate-name jsonrpc_core --edition=2018 /opt/rustwide/cargo-home/registry/src/github.com-1ecc6299db9ec823/jsonrpc-core-14.2.0/src/lib.rs --error-format=json --json=diagnostic-rendered-ansi --crate-type lib --emit=dep-info,metadata -Cembed-bitcode=no -C debuginfo=2 -C metadata=8a8e3e787eb5a899 -C extra-filename=-8a8e3e787eb5a899 --out-dir /opt/rustwide/target/debug/deps -L dependency=/opt/rustwide/target/debug/deps --extern futures=/opt/rustwide/target/debug/deps/libfutures-f6a782863e1804d0.rmeta --extern log=/opt/rustwide/target/debug/deps/liblog-95a9d57e67df36ac.rmeta --extern serde=/opt/rustwide/target/debug/deps/libserde-2a259ff8b4c809f6.rmeta --extern serde_derive=/opt/rustwide/target/debug/deps/libserde_derive-a90277b633ccd7da.so --extern serde_json=/opt/rustwide/target/debug/deps/libserde_json-ab65f7bb9c7807a3.rmeta --cap-lints allow --cap-lints=forbid` (signal: 9, SIGKILL: kill)
[INFO] [stderr] warning: build failed, waiting for other jobs to finish...
[INFO] [stderr] The following warnings were emitted during compilation:
[INFO] [stderr] 
[INFO] [stderr] warning: c++: fatal error: Killed signal terminated program cc1plus
[INFO] [stderr] warning: compilation terminated.
[INFO] [stderr] warning: c++: fatal error: Killed signal terminated program cc1plus
[INFO] [stderr] warning: compilation terminated.
[INFO] [stderr] warning: c++: fatal error: Killed signal terminated program cc1plus
[INFO] [stderr] warning: compilation terminated.
[INFO] [stderr] warning: c++: fatal error: Killed signal terminated program cc1plus
[INFO] [stderr] warning: compilation terminated.
[INFO] [stderr] warning: c++: fatal error: Killed signal terminated program cc1plus
[INFO] [stderr] warning: compilation terminated.
[INFO] [stderr] warning: c++: fatal error: Killed signal terminated program cc1plus
[INFO] [stderr] warning: compilation terminated.
[INFO] [stderr] warning: c++: fatal error: Killed signal terminated program cc1plus
[INFO] [stderr] warning: compilation terminated.
[INFO] [stderr] warning: c++: fatal error: Killed signal terminated program cc1plus
[INFO] [stderr] warning: compilation terminated.
[INFO] [stderr] warning: c++: fatal error: Killed signal terminated program cc1plus
[INFO] [stderr] warning: compilation terminated.
[INFO] [stderr] warning: c++: fatal error: Killed signal terminated program cc1plus
[INFO] [stderr] warning: compilation terminated.
[INFO] [stderr] warning: c++: fatal error: Killed signal terminated program cc1plus
[INFO] [stderr] warning: compilation terminated.
[INFO] [stderr] 
[INFO] [stderr] error: build failed
[INFO] running `Command { std: "docker" "inspect" "a9aba5f9b8d3e1b2dc59a07e752949d1e3059b0ac71a5070b4c861c37e546a52", kill_on_drop: false }`
[INFO] running `Command { std: "docker" "rm" "-f" "a9aba5f9b8d3e1b2dc59a07e752949d1e3059b0ac71a5070b4c861c37e546a52", kill_on_drop: false }`
[INFO] [stdout] a9aba5f9b8d3e1b2dc59a07e752949d1e3059b0ac71a5070b4c861c37e546a52
